{"version":"1.0","provider_name":"Milestone Avocats","provider_url":"https:\/\/milestone-avocats.com\/en\/","author_name":"Arwa","author_url":"https:\/\/milestone-avocats.com\/en\/author\/arwa\/","title":"Transparence salariale: Vers un changement de paradigme - Milestone Avocats","type":"rich","width":600,"height":338,"html":"<blockquote class=\"wp-embedded-content\" data-secret=\"2njPAHWPYE\"><a href=\"https:\/\/milestone-avocats.com\/en\/transparence-salariale-vers-un-changement-de-paradigme\/\">Transparence salariale: Vers un changement de paradigme<\/a><\/blockquote><iframe sandbox=\"allow-scripts\" security=\"restricted\" src=\"https:\/\/milestone-avocats.com\/en\/transparence-salariale-vers-un-changement-de-paradigme\/embed\/#?secret=2njPAHWPYE\" width=\"600\" height=\"338\" title=\"&#8220;Transparence salariale: Vers un changement de paradigme&#8221; &#8212; Milestone Avocats\" data-secret=\"2njPAHWPYE\" frameborder=\"0\" marginwidth=\"0\" marginheight=\"0\" scrolling=\"no\" class=\"wp-embedded-content\"><\/iframe><script>\n\/*! This file is auto-generated *\/\n!function(d,l){\"use strict\";l.querySelector&&d.addEventListener&&\"undefined\"!=typeof URL&&(d.wp=d.wp||{},d.wp.receiveEmbedMessage||(d.wp.receiveEmbedMessage=function(e){var t=e.data;if((t||t.secret||t.message||t.value)&&!\/[^a-zA-Z0-9]\/.test(t.secret)){for(var s,r,n,a=l.querySelectorAll('iframe[data-secret=\"'+t.secret+'\"]'),o=l.querySelectorAll('blockquote[data-secret=\"'+t.secret+'\"]'),c=new RegExp(\"^https?:$\",\"i\"),i=0;i<o.length;i++)o[i].style.display=\"none\";for(i=0;i<a.length;i++)s=a[i],e.source===s.contentWindow&&(s.removeAttribute(\"style\"),\"height\"===t.message?(1e3<(r=parseInt(t.value,10))?r=1e3:~~r<200&&(r=200),s.height=r):\"link\"===t.message&&(r=new URL(s.getAttribute(\"src\")),n=new URL(t.value),c.test(n.protocol))&&n.host===r.host&&l.activeElement===s&&(d.top.location.href=t.value))}},d.addEventListener(\"message\",d.wp.receiveEmbedMessage,!1),l.addEventListener(\"DOMContentLoaded\",function(){for(var e,t,s=l.querySelectorAll(\"iframe.wp-embedded-content\"),r=0;r<s.length;r++)(t=(e=s[r]).getAttribute(\"data-secret\"))||(t=Math.random().toString(36).substring(2,12),e.src+=\"#?secret=\"+t,e.setAttribute(\"data-secret\",t)),e.contentWindow.postMessage({message:\"ready\",secret:t},\"*\")},!1)))}(window,document);\n\/\/# sourceURL=https:\/\/milestone-avocats.com\/wp-includes\/js\/wp-embed.min.js\n<\/script>\n","description":"Alors que la directive europ\u00e9enne 2023\/970 doit \u00eatre transpos\u00e9e par la France d\u2019ici juin 2026, le contexte politique retarde les discussions sur le projet de loi, initialement pr\u00e9vues pour d\u00e9buter ce mois-ci. Dans Option Droit &amp; Affaires, notre associ\u00e9e Camille Billard d\u00e9crypte les grandes lignes de cette directive dont on sait d\u00e9j\u00e0 qu\u2019elle induit notamment [&hellip;]"}

Alors que la directive européenne 2023/970 doit être transposée par la France d’ici juin 2026, le contexte politique retarde les discussions sur le projet de loi, initialement prévues pour débuter ce mois-ci. Dans Option Droit &amp; Affaires, notre associée Camille Billard décrypte les grandes lignes de cette directive dont on sait déjà qu’elle induit notamment [&hellip;]
